= -32*h + 30*h. What is the tens digit of h?
0
Let s(h) = -17*h - 2. Suppose 18 = -13*l - 99. What is the tens digit of s(l)?
5
Let q(w) = 6 - 729*w + 22 - 7. Let i(s) = 73*s - 2. Let n(r) = 21*i(r) + 2*q(r). What is the units digit of n(1)?
5
Let x(g) = 22*g**2 + 10*g - 48. Let y be x(-8). Suppose -1274*o - 7812 = -y*o. What is the thousands digit of o?
1
Let c = 1080 - 150. Suppose c*r = 936*r - 4320. What is the hundreds digit of r?
7
Let m(i) = 29 + 30*i + 14*i - 28*i + i**2. Let n be m(-12). What is the hundreds digit of 1578/10 + n/(-95)?
1
Suppose 3*n - 6 = 0, -653*n + 652*n + 75863 = a. What is the ten thousands digit of a?
7
Let s(a) = -62 - 19*a**3 - 20*a**3 + 62. Let o(u) = u**3 - 7*u**2 - u + 6. Let k be o(7). What is the units digit of s(k)?
9
Let q(k) = 2*k**3 + 106*k**2 + 102*k - 122. Let l be q(-52). What is the units digit of (-12)/l*333*5 - 2?
8
What is the thousands digit of (-11)/(11128/11141 + -1)?
9
Let g be 2/(-7) + 9116/7 + 3. Let i be g/(-6)*12/(-10). Let o = i + -148. What is the hundreds digit of o?
1
Suppose -128524 = -10*j + 184462 - 80956. What is the thousands digit of j?
3
What is the ten thousands digit of (-18 - 53841/9)*-3?
1
Suppose x = 224 + 279. Suppose -x + 1724 = 3*p. What is the hundreds digit of p?
4
Let k = 76 - 79. Let u be ((0/k)/(-4))/(-1). Suppose u = -2*f + 315 + 39. What is the tens digit of f?
7
What is the hundreds digit of (25 + 7)/(1/173)?
5
Suppose 18*x + 1700 = 17*x. Let h = x - -2571. What is the units digit of h?
1
Let q(n) = n + 132. Suppose -3*s - 22 = d - 7*s, 4 = -d - 2*s. What is the tens digit of q(d)?
2
Suppose -5*z + 37 = -2*a, -2*z + 3*z + 25 = -5*a. Suppose -32*w - 162 - 30 = 0. What is the units digit of (-1)/w - 1/a*641?
7
Let c(h) = 43*h**2 + 139*h - 70. What is the ten thousands digit of c(36)?
6
Let r(g) = g**3 + g**2 + 79. Let w be r(0). Let d be ((-160)/(-3) + -16)/((-2)/(-6)). Let n = d - w. What is the tens digit of n?
3
Suppose 7*b = 6*b, -5*n = -5*b. Suppose -16*k + 14*k + 1116 = n. What is the units digit of k?
8
Let d = -864 + 854. Let k(v) be the first derivative of v**3 + 8*v**2 - 10*v - 1. What is the tens digit of k(d)?
3
Let o = -215 - -217. Suppose 232 = i + 5*u - 111, o*i = 3*u + 686. What is the units digit of i?
3
Let j(m) = 141*m**3 + 7*m**2 + 229*m - 971. What is the hundreds digit of j(4)?
0
Let f be 188/(-94)*(-8 - 0). Let b(s) = 2*s**2 + 14*s - 2. What is the tens digit of b(f)?
3
Suppose 21*c - 54996 = 113738 + 21043. What is the hundreds digit of c?
0
What is the thousands digit of (-1)/6 + (363568/96 - -9)?
3
Let i be 6/5*(-15)/(-12)*2. Let g(n) = -47 + 0*n + i*n + 5*n + 3*n. What is the hundreds digit of g(20)?
1
Let x = -28 + 33. Suppose -x*i = 10, -3*u - 4 = 4*i + 1. What is the tens digit of (u - -3)*(0 - (-79)/4)?
7
Let z(k) = -7*k**3 - 17*k**2 - 125*k - 32. What is the hundreds digit of z(-6)?
6
Let f be 1045/(-4) - (-27)/(-36). Let g = 883 + f. What is the tens digit of g?
2
What is the tens digit of (21/((-21)/(-5272)))/(-2 + 3)?
7
What is the tens digit of 134330/(-15)*-2 - 20/(-60)?
1
Suppose -10*q = -12*q + 54. Let r(n) = n**3 - 24*n**2 - 63*n - 23. What is the tens digit of r(q)?
6
Suppose 0 = -2*c + 4685 + 5027. What is the tens digit of c?
5
Let y be 26/4 + (-12)/24. Suppose -y*v = -18*v + 60. Suppose 1150 = 5*q - v*c, 3*q - 4*c - 1152 = -2*q. What is the tens digit of q?
3
Let p(l) = -l**3 + 3*l**2 + 6*l - 4. Let u be p(4). Suppose 0 = -u*a - 2*m - 4, 3*a - 3*m + 13 = -8. What is the units digit of (-275)/(-5) + a + -1?
1
Suppose 108*x = -136*x - 29872 + 512748. What is the tens digit of x?
7
Let y(p) = -1615*p + 6. Let n be y(-2). Let s = -2277 + n. What is the units digit of s?
9
Suppose 5*w - 26 = -6. Suppose -b + 2*f = w*f + 5, 2*f = 5*b - 23. Suppose 0*q + b*q - 207 = -2*j, j - 101 = q. What is the units digit of j?
2
Let y(t) = -634*t**3 - 11*t**2 - 2*t - 10. What is the thousands digit of y(-5)?
8
Let p(y) = -2*y**2 - 5*y + 2. Let b be p(1). Let m be b/(-20) + (9915/4)/5. Suppose -m = -4*q + h + h, 2*h = -q + 114. What is the hundreds digit of q?
1
Let r(o) be the third derivative of -o**4/12 - o**3 - o**2. Let j be r(-4). Suppose -233 = -j*v + 5*n, -2*n + 4*n = -2*v + 198. What is the tens digit of v?
0
Let i be (-6)/10 - (-96)/10. Let p be i/(-6)*10/3. What is the units digit of -3 - 0 - p - (-255 - -1)?
6
Suppose -2*y = -3*w + 37, -5*w + 40 = 6*y - 5*y. What is the tens digit of 1275 + (w/3 - 7)?
7
Let y(r) = -41*r + 34. Let w be y(1). Let k(f) = -f**3 - 14*f - 4. What is the hundreds digit of k(w)?
4
What is the units digit of ((-2280)/513)/((-10)/12105)?
0
Let s(c) = c**2 + 2*c + 1. Let n be s(-1). Suppose n = -0*g - g + 2. Suppose 3*p + 4*k + 9 = 0, 0 = -5*p + 5*k + 18 + g. What is the units digit of p?
1
Let r(p) = -p**3 + 43*p**2 + 13*p - 894. What is the units digit of r(33)?
5
Let a(q) = 4*q**3 - q**2 + q. Let z be a(1). Suppose -463 = z*c - 1483. Suppose -257*t + 566 = -c*t. What is the tens digit of t?
8
Suppose -10 = -u + 1. Suppose -2*y = -u + 1. What is the units digit of y/10 - (-139)/2?
0
Suppose -28*p - 16 + 143 + 97 = 0. Let n = -4 + 6. What is the units digit of (p - 6)*139/n?
9
Suppose z - 4*c - 7 = 5, -2*z + c = -3. Let i be 1 + 4/(2 + z). Suppose -3*s + 15 = 0, l + 357 = 3*l - i*s. What is the hundreds digit of l?
1
Let z = 36 + -41. Let y(j) = 14*j - 3. Let a be y(z). Let u = -49 - a. What is the units digit of u?
4
Let p = -104 + 110. Let l(i) = i**2 - 9*i + 39. Let y be l(p). Suppose 0 = 7*j - y*j + 322. What is the units digit of j?
3
Let l(d) = 128*d - 28. Let k be l(5). Suppose -k = -3*m - 3*r, 6*r + 604 = 3*m + 5*r. What is the units digit of m?
2
Let n(z) = -57*z - 25. Let c be n(16). Let m = -537 - c. Suppose 10*b = 5*b + m. What is the units digit of b?
0
Let n(v) = 22 + 101*v + 42 - 23 + 2 + 42. What is the units digit of n(7)?
2
Let u(m) = 127*m**2 - 21*m - 75. What is the units digit of u(-10)?
5
Let t be (2660/12 + 5 - 4)*3. Let v = t - 631. What is the units digit of v?
7
Suppose 5*w - 30891 = -5*g + 8984, 4*w + 15980 = 2*g. What is the units digit of g?
0
Suppose -5*x - 175 = -0*x. Let d = -37 - x. What is the units digit of (7/d)/(-2 + (-18)/(-12))?
7
Let s be (-68)/51*(-3)/2. Suppose 0 = -f + 2*i + 285, 5*f + 3*i - s*i - 1447 = 0. What is the tens digit of f?
8
Let y = -413 + 401. What is the hundreds digit of (-3052)/(-6) + (-28)/y?
5
Let g(j) = 2*j**3 - 15*j**2 + 9*j - 5. Let w be g(8). Let u = 563 - w. What is the hundreds digit of u?
4
Let k = 35 + -18. Let v(p) = 6 - k*p - 7 - 6 + 38*p. What is the tens digit of v(3)?
5
Let r = 69674 + -37928. What is the tens digit of r?
4
Suppose -5*q = -4*q + 2*t - 13, -61 = -4*q - 5*t. Suppose 15*d = q*d - 528. Let a = -38 + d. What is the tens digit of a?
9
Let l = -58 - -60. Let b(w) = -6*w + l + w**2 + 4*w - 2*w - 11. What is the units digit of b(-4)?
3
Let f = 637 + -646. Let t(i) = -i**3 + i**2 - 9*i - 59. What is the tens digit of t(f)?
3
Suppose 5*q - 15 = 5*u, -5*u + 15 = 2*q - 4*u. Suppose q*h = 1548 - 516. What is the tens digit of h?
7
Suppose 0 = -14*r + 343439 + 131763. What is the units digit of r?
3
Suppose 59008 = 4*p + 3*h, -13*p + 14*h - 15*h + 191811 = 0. What is the tens digit of p?
5
Let a(z) = -17*z**3 - 5*z**2 - 8*z - 13. Let d be a(-4). Suppose 0 = 7*w + d - 5766. What is the tens digit of w?
7
Suppose 3*i - 9 = -2*y, -y + 5 = y - i. Let b(x) = -2*x**2 - 6. Let g(k) = k**2. Let c(u) = y*g(u) + b(u). What is the tens digit of c(-7)?
4
Let n(f) = -3*f**2 - 7*f + 12. Let k(g) = -7*g**2 - 14*g + 24. Let c(q) = 2*k(q) - 5*n(q). Let y be c(-8). Let p = 19 + y. What is the tens digit of p?
1
Suppose 2*t - 9*t = -21. Suppose -t*w + 723 = -1110. What is the units digit of w?
1
Let g(u) = -3*u**3 - 13*u - 12. Let l be g(-1). Suppose -2*r + a = -64, -8*a + 116 = 4*r - 4*a. Let h = l + r. What is the units digit of h?
5
Suppose 2*t + 4*m - 274 = 0, 2*t + 2*m = -m + 277. Let d = t - -393. What is the tens digit of d?
3
Suppose 2*a + 17 = -2*c + a, 40 = -5*c - 5*a. Let u be 6/2*10/(-15). What is the units digit of (c/(-2) - 3)/(u/(-192))?
4
Let a(c) = -c - 13. Let q be a(-17). Suppose 5*z + q*k - 885 - 1275 = 0, 5*k = 0. Suppose 40*x + z = 43*x. What is the hundreds digit of x?
1
What is the ten thousands digit of -4 + -2*(-19083